 20 = -s. Let a(o) = 2*o + 7. What is a(i)?
-3
Let k(z) be the second derivative of z**3 - z**2/2 - 14*z. What is k(1)?
5
Let o = 49/2 - 23. Let i(b) be the second derivative of 0 + o*b**2 - b - 1/3*b**3 - 1/12*b**4. Determine i(-4).
-5
Let p = 6 - 2. Let z(y) = -1 + 2 + y**2 - 5*y + p*y. Let n(c) = 5*c**2 - 6*c + 7. Let v(g) = n(g) - 6*z(g). What is v(1)?
0
Let h(w) = -307*w + 308*w + 1 + 1. What is h(-6)?
-4
Let w(c) be the second derivative of -1/6*c**3 - 1/20*c**5 - 5/12*c**4 - 2*c + 0 + 0*c**2. Calculate w(-5).
5
Let a(k) = 4*k**2 + 1. Suppose -5*l + 5*o - 5 = 0, 2*l + o + 1 = 2*o. Suppose l = -i - 5 + 4. Calculate a(i).
5
Let b be 2 - 0 - 1 - -4. Suppose -4*m + 2 = 2*n - 6, 0 = 3*n - 2*m + 4. Let o(w) = n*w + 3 + 0*w + w. Give o(b).
8
Let s(u) = u + 1. Let k(l) = 3*l. Let n(q) = k(q) - 2*s(q). Determine n(-6).
-8
Let w(p) = p**3 - 5*p**2 - 6*p. Let s = 5 - -3. Let c be (2 + 1)*(-6 + s). Give w(c).
0
Suppose -3*f - 3*t + 15 = 0, 2*f + 3*t = 10 - 2. Let b(m) = -m**2 + 9*m - 11. Let h be b(f). Let z(p) = p**2 - 4*p + 3. What is z(h)?
0
Let k(z) be the second derivative of z**4/12 + z**3/6 - z. Let i = 29 - 30. What is k(i)?
0
Let p(x) = x**2 - 6*x + 3. Let q be (9/6)/(6/16). Determine p(q).
-5
Let m be 8/(-12) - (-14)/3. Let k be 2/(-1)*m/(-4). Let h(g) = -g**3 + 7*g**k + 6 + 0 - 2*g**2. What is h(5)?
6
Let s(r) = 19*r - 30. Let q(t) = -7*t + 10. Let x(o) = -11*q(o) - 4*s(o). What is x(-5)?
5
Let r(c) = c**3 + 5*c**2 + c + 5. Let o be ((-5)/2)/((-3)/(-6)). Determine r(o).
0
Let r(x) = 2*x - 2 + 1 - 7*x. Let n(o) = -o**2 - 6*o - 4. Let y be n(-5). Suppose f - 2 + y = 0. Determine r(f).
-6
Let t(y) = -2*y**2 - y - 2. Suppose 16*z - 26 = 3*z. What is t(z)?
-12
Let f = 3 - 1. Let d(x) = -2 + f*x - 3*x + 3*x. Give d(5).
8
Suppose a = 2*a - 2. Suppose 0 = a*g + 6. Let b(h) = h**3 + h**2 - 9*h - 7. Let s(w) = w**3 + w**2 - 10*w - 8. Let l(j) = -7*b(j) + 6*s(j). Determine l(g).
10
Suppose 2*o = w - 6, 4*w + 2*o - 12 = -2*o. Suppose 4*a - 8 - 4 = 0. Let k(d) = 3*d**2 - 4*d**2 + 1 + a*d + 1 - d. Give k(w).
-6
Let r(k) = 3*k - 15. Let p(u) = 2*u - 8. Let y(i) = 5*p(i) - 3*r(i). Give y(-6).
-1
Suppose 0 = -r - h - 2 - 3, 0 = -3*r + 3*h - 3. Let k(t) = 5*t**3. Let m(y) = -6*y**3 + y**2. Let u(s) = -5*k(s) - 4*m(s). Determine u(r).
-9
Suppose -3*a = -14 + 2. Let v(c) = 3 + 2*c - 5 - 3*c. Give v(a).
-6
Let u(f) = -3*f**3 + 6*f**2 - 1. Let m(d) = -7*d**3 + 13*d**2 - 2. Let v = -14 - -9. Let p(t) = v*u(t) + 2*m(t). Calculate p(3).
-8
Let l(i) = -10*i - 3. Let c(r) = 3*r + 1. Let q(k) = 7*c(k) + 2*l(k). Suppose -4*p = 21*z - 18*z + 12, 3*z = 4*p + 12. Determine q(z).
1
Let j = 15 + -10. Let o(n) = -n**2 - 7*n - 2. Let w(g) = -6*g**2 - 36*g - 9. Let x(f) = -11*o(f) + 2*w(f). What is x(j)?
4
Let p(o) = o**2 - 8*o - 5. Let s be p(9). Let i(h) be the first derivative of h**2/2 - 4*h + 2. Give i(s).
0
Suppose 4*m - 5*u - 3 = 0, -4*m + 0*m - 24 = 4*u. Let s be 1/(m/(-2 + -1)). Let v(b) = -5*b**3. What is v(s)?
-5
Suppose 5*c - c - 8 = 0. Let f = 1 - -1. Let r(j) = 2*j + j**c + f*j + j + 2. Determine r(-4).
-2
Let u = -38 - -41. Let v(k) = k**2 - 3*k + 3. Give v(u).
3
Let o(u) be the third derivative of -u**4/12 - u**3/3 - 10*u**2. Calculate o(4).
-10
Let f = -13 - -90. Let d = f + -50. Suppose -11 = -4*l - d. Let g(v) = -v**2 - 4*v - 3. Give g(l).
-3
Let n(z) = z**3 + 5*z**2 - 6*z - 5. Let u be n(-6). Let q(j) = 4*j**2 + 5*j - 5. Let x(i) = -5*i**2 - 6*i + 6. Let a(d) = u*x(d) - 6*q(d). Determine a(2).
4
Let k(a) = a + 3. Let g(s) = s**2 + 2*s - 1. Let b be g(-3). Suppose -2*j = -2*p - b, -j - 5*p + 7 + 0 = 0. Let l be (j/(-4) + -1)*2. Calculate k(l).
0
Let g(o) = -o**3 + o + 7. Suppose i + 2*i = 0. What is g(i)?
7
Let m(a) = a**3 - 6*a**2 + 3*a + 6. Let i be m(5). Let r(y) = 9*y**2 + 7*y + 5 - 7*y**2 - 1. Determine r(i).
8
Let v be (3 - 3) + -1 + -3. Let x(b) = b**3 + 3*b**2 - 2*b - 6. Determine x(v).
-14
Let h = 8 - 12. Let u(n) = n + 3. Calculate u(h).
-1
Let y(j) = j**3 - j**2 + 1. Let d(c) = -c**2 - 4*c + 1. Let k be d(-4). Determine y(k).
1
Let a(k) = 10*k**3 + k**2 - k. Suppose -3*o = -5*y - 0 - 4, 0 = -5*y - 2*o + 11. Give a(y).
10
Let y(t) be the third derivative of t**5/60 - t**4/24 + t**3 - 7*t**2. Let w = -1 - -1. Calculate y(w).
6
Let y(l) = -6*l - 7. Let c(b) = -5*b - 6. Let z(w) = -5*c(w) + 4*y(w). Let t = -212 + 215. Calculate z(t).
5
Let q(i) = i**3 - 4*i**2 + 4*i + 1. Let y be q(3). Let z(v) = -2*v + 0*v**3 + 0*v**3 + v**3 - 2*v**2 - y. Give z(3).
-1
Let v(r) be the third derivative of 0*r**3 + 0 - 1/60*r**5 + 0*r + 1/12*r**4 + r**2. Let f(a) = a**3 + 5*a**2 + 4*a + 1. Let h be f(-4). Determine v(h).
1
Let u(x) = x**3 - x**2 + x + 1. Let h(g) = g**3 + 5*g**2 - 4*g + 9. Let l(p) = -h(p) + 2*u(p). What is l(6)?
-7
Suppose x = 5*x. Let u(o) = -5 - 5 + 0*o + o + x*o. Give u(7).
-3
Let v be (0/(-3))/(-1*1). Let x(m) = 5*m**3 - 5*m**2 - 7*m - 9. Let j(t) = -3*t**3 + 3*t**2 + 4*t + 4. Let k(i) = 7*j(i) + 4*x(i). What is k(v)?
-8
Let a(u) = u - 5*u + 3 + 3*u. Let o be a(0). Let z(m) = -1 - 4*m + 6*m + 4*m - o*m. Calculate z(-2).
-7
Let a(x) = -12*x**3 - 3*x**2 - 2. Let w(z) = 6*z**3 + z**2 + 1. Let c(k) = -2*a(k) - 5*w(k). Let p = 3 + 0. Let b be -2 - (-3 - (-3 + p)). Give c(b).
-6
Let o(u) = -u**2 + 9. Let f(j) = j**2 - 5*j - 6. Let q be f(6). Determine o(q).
9
Let t(w) = 2*w + 2. Let c be t(-2). Let q(k) = k**3 - k**2 + k - 2. Determine q(c).
-16
Let k(o) = -4*o**3 + 5*o**2 + 3. Let b(u) = -9*u**3 + 11*u**2 + u + 7. Let a(n) = 3*b(n) - 7*k(n). Calculate a(2).
6
Let y(m) = m**2 + 9*m + 10. Suppose -2*t + 11 = -2*q - 5*t, -t + 1 = 0. Determine y(q).
-4
Let l(a) = -7*a**2 - 82*a + 30*a + 25*a + 28*a. Let v(c) = c - 5. Let z be v(6). Determine l(z).
-6
Let a(b) = -b**2 - 4*b + 3. Let j be a(-4). Let k(i) = i**2 - 1 - i**2 + 3*i - i**2. Determine k(j).
-1
Let u(c) = -c + 4. Suppose 4*v + 5*k = -v + 30, 5*v = -k + 42. Suppose -3*a + v*a = 30. What is u(a)?
-1
Let m = -13 + 17. Let h(r) = 6*r**2 - 6*r - 3. Let u(n) = -5*n**2 + 6*n + 3. Let w(s) = m*h(s) + 5*u(s). Calculate w(6).
3
Let j(o) = -3*o - 3 + 4*o + 5. Suppose -4*u - 16 = 0, 5*a + u + 0*u = -29. Let s(v) = v**3 + 4*v**2 - 3*v + 5. Let r be s(a). Determine j(r).
-3
Suppose 0 = t + 1 - 6. Let b(c) = -c**3 + 4*c**2 + 4*c - 1. What is b(t)?
-6
Let d be 7*(-9)/(-2)*(-24)/(-126). Let x(u) = -u + 10. Determine x(d).
4
Let r(t) be the third derivative of -t**4/24 - 7*t**2. Give r(3).
-3
Suppose 5*c = s - 28, -5*s - 2*c = -3*s + 4. Let w(h) = -5*h**2 - 2*h - 3*h**3 + 11 + 4*h**s - 4. Let p be (-54)/(-10) - 2/5. Determine w(p).
-3
Let h = 4 + -6. Let n(t) = 5 - 11*t + 1 + 5 - 6. Let w(o) = 27*o - 12. Let g(y) = -12*n(y) - 5*w(y). What is g(h)?
6
Let p(q) be the first derivative of -2*q**2 + 2*q - 6. Determine p(5).
-18
Let u(c) = c**2 - 5*c + 5. Suppose -3*y + f + 2 + 13 = 0, 4*f = -3*y + 15. Give u(y).
5
Let z(w) be the first derivative of w**4/4 - w**3 - 5*w**2/2 - 2*w + 1. Suppose 0 = 2*y + 16*d - 12*d - 12, -14 = -4*y + 2*d. Determine z(y).
-6
Let t(j) = j**2 + 4*j - 5. Suppose 61 - 9 = -13*m. Give t(m).
-5
Suppose 9*g = 36 + 9. Let z(m) = m + 2. What is z(g)?
7
Let q be 12/(-16) - (-15)/4. Let o(a) = -4*a - 1. Give o(q).
-13
Let h(v) = -3*v + 17. Let r(i) = -2*i + 12. Let x(b) = -5*h(b) + 7*r(b). Give x(5).
4
Let t(q) be the third derivative of 0 + 0*q**3 + 0*q - 1/60*q**5 - 3*q**2 + 0*q**4. Suppose 0 + 1 = -z. What is t(z)?
-1
Let u(g) = -4*g**2 + 6*g - 5. Let y(j) = 3*j**2 - 5*j + 4. Let m(q) = -2*u(q) - 3*y(q). Suppose 4*n - 3*n = 3. Suppose n = -2*k + 9. What is m(k)?
-2
Let a = -4 - -6. Let g(p) be the first derivative of -p**2/2 - p + 32. Give g(a).
-3
Suppose -2*s + 7 = 3. Let c(v) = 5*v**3 + 6*v**2 - 7*v + 3. Let x(j) = 3*j**3 + 3*j**2 - 4*j + 2. Let a(w) = 4*c(w) - 7*x(w). Calculate a(s).
2
Let c(s) be the first derivative of s**5/15 - s**4/24 + s**3/3 - 2. Let f(k) be the third derivative of c(k). Calculate f(1).
7
Let n(x) = -3*x + 3. Suppose -1 = 3*o + 14. Let f be 0 - (-3 - -2 - o). Let z = -2 - f. Determine n(z).
-3
Let p(l) = l**2 - 7*l - 7. Let f be p(7). Let a(y) = y + 7. Let b be a(f). Let s(v) = v**2 - v - 8. Determine s(b).
-8
Suppose 3*a = -4*k + 8, 0 = 5*a - 0*k - 5*k - 25. Let q(j) = -1 - 3*j**2 - j + 0*j + j**3 - 4*j. Determine q(a).
-5
Let w(z) = z + 7. Let k(p) be the second